et o(f) = 4*f**2 - 2*f + 10. What is the units digit of o(-4)?
2
Suppose 0 = 5*a - 500 - 100. What is the hundreds digit of a?
1
Let c be 4/(-18) - 2960/45. Let q = c - -110. What is the tens digit of q?
4
Let q = -5 + 7. Suppose -q*d = 5*k - 157, 0 = 4*k - d - 200 + 64. What is the tens digit of k?
3
What is the hundreds digit of 2316/10 + (-3)/5?
2
Let j(g) be the third derivative of -g**5/60 - g**4/4 + 7*g**3/6 + g**2. Let l(a) = 3*a + 16. Let h be l(-7). What is the units digit of j(h)?
2
Suppose 5*c - 2*s = -35, 3*c - 3*s + 35 = -2*c. What is the units digit of (2/(-6))/(c/315)?
5
Suppose -13*y = -9*y - 316. What is the units digit of y?
9
Let q(a) = -a**2 + 5*a + 2. Let x be q(5). Let o(v) = -v - 4. Let i be o(-6). What is the units digit of x + -1 + 12/i?
7
Let n = -1 - -3. Suppose n*y + 2 = 3*i - 5, -i = -5*y - 11. What is the units digit of 1*2 - (y - -1)?
3
Let o = -31 + 52. What is the units digit of o?
1
Let x(n) = n**2 + 2*n + 3. Let k be x(-3). Suppose 0 = k*i - i - 70. What is the tens digit of i?
1
Let r(f) = 15*f**2 - 3*f + 9. What is the units digit of r(3)?
5
Let c(r) = r**2 - 3*r + 12. Suppose 3*i - 3 = 15. What is the units digit of c(i)?
0
Suppose 2*r - 13 = 23. Suppose 4*p - 22 = r. What is the tens digit of p?
1
Let o be (4 + 0)/(2/4). Let z = 3 + o. What is the tens digit of z?
1
Let c(r) = r + 1. Let b = 40 + -28. What is the tens digit of c(b)?
1
Let z(h) = -h + 5 - 4 - 2. Let s be z(-2). Suppose -l = -3 + s. What is the units digit of l?
2
Suppose 8*z - 8 = 6*z. Suppose 2*f = -z*y - 0*y + 34, 23 = 3*y - f. What is the units digit of y?
8
Let z = 2 + -3. Let m(r) = 4*r**3 - 2*r**2 + 1. Let d be m(z). Let s(n) = n**3 + 6*n**2 + 5*n + 7. What is the units digit of s(d)?
7
Let k = -35 - -61. What is the units digit of k?
6
Let m(s) = s**3 - 7*s**2 + s + 9. Let i be m(7). Let y = 27 - i. What is the tens digit of y?
1
Suppose 0 - 3 = -d. Let w = d + 14. What is the units digit of w?
7
Let x be (-2)/9 - 87/(-27). Suppose -6*m + 3*m = -x*y + 36, 4*y = 2*m + 50. Suppose y = 3*q + 1. What is the units digit of q?
4
Suppose -4*y + 3*z + 43 = 8*z, 3*y - 34 = -2*z. What is the units digit of y?
2
Let v be -1 - (176/4 - 1). What is the tens digit of v/6*9/(-2)?
3
What is the units digit of 6 + 0 - 16/(-16)?
7
Let r(n) = n**2 - 4*n - 4. Let o be r(-3). Let k = o + -4. What is the tens digit of k?
1
Suppose 2*q = -3*k + 29, 0*k - 3*k = -9. What is the units digit of q?
0
Let y = 51 + -8. What is the units digit of y?
3
Suppose 3*k - 3*r - 90 = -0*k, 4*k + 3*r - 106 = 0. What is the units digit of k?
8
Suppose -188 = 5*y - 1623. What is the tens digit of y?
8
Let z = 1 + -1. Suppose -3*l - 4*s - 34 = 0, z*l + 5*l - 4*s + 46 = 0. Let y = 16 + l. What is the units digit of y?
6
Let c = -13 + 25. Let m = 18 - c. Let r(d) = -d**2 + 7*d + 1. What is the units digit of r(m)?
7
Let m(j) = j**3 - 8*j**2 + 12*j - 7. What is the tens digit of m(8)?
8
Let m(y) = -5*y - 3. What is the tens digit of m(-9)?
4
Let h = -99 + 176. What is the tens digit of h?
7
Suppose 0*b + 12 = 3*b. Let h be 3*3 + -2 - -1. What is the units digit of 2/b - (-12)/h?
2
Suppose -2*r + 464 = -u, 2*u = -4*r + 6*r - 466. What is the tens digit of r?
3
Let j = 2 + 0. Suppose 4*g = -2*o + j, -2*g + 3 = -4*g - 5*o. What is the units digit of g?
1
Let i = -90 - -133. What is the tens digit of i?
4
Suppose -7*x + 5 = -2*x + 5*c, 3*x - 5*c = 11. Suppose 2*a = -0 + x. What is the units digit of 1/(-2)*(-2)/a?
1
Suppose -3*w - 3*v = -102, -v = 2*w - 31 - 41. What is the units digit of w?
8
Suppose -r - 13 = -108. Let p = -59 + r. What is the tens digit of p?
3
Let t = 17 + 9. What is the tens digit of t?
2
Let f(w) = w + 5*w**2 - 2*w + 2*w - 4*w**2 - 5. Suppose 0 = 4*o + 2*g + 26, -g - 4*g = -o + 10. What is the units digit of f(o)?
5
Suppose -2*u = -3*u - 9. Let w(v) = -v**3 - 8*v**2 + 9*v + 12. What is the units digit of w(u)?
2
Let i(m) be the second derivative of -m**5/10 - m**3/3 + 7*m. What is the tens digit of i(-2)?
2
Let p(f) be the third derivative of f**6/120 + f**5/15 + f**4/24 + 2*f**3/3 - 3*f**2. Let z be p(-4). What is the tens digit of 1*z/2 - -13?
1
Suppose -58 = 3*i - 10. Let y = -12 - i. What is the units digit of y?
4
Let p be 26*1/(-6)*-3. Let t = p + 11. Suppose -9 = 5*h - t, 4*h = -5*i + 47. What is the units digit of i?
7
Suppose 0 = f - 0 - 2. What is the units digit of f*(21/(-2))/(-3)?
7
Suppose 0 = -0*n - 4*n + 16. Let v(a) = 8*a + 2. Let d be v(n). Let c = d - 21. What is the units digit of c?
3
Suppose 0*z = -2*o + 5*z + 27, o + 5*z = 21. Let c be (-1)/(3 + o/(-5)). Suppose -c*m + 6 + 64 = 0. What is the units digit of m?
4
Suppose 3*r = k - 216, -6*r + 4*r = 3*k - 648. What is the hundreds digit of k?
2
Let t(b) = 10*b**2 - 6*b + 6. What is the tens digit of t(3)?
7
Let m(f) = -f**2 + 33*f + 75. What is the tens digit of m(23)?
0
Suppose 23 = 5*v - 4*z, 0*v - 2 = -2*v - 2*z. Suppose 27 = 4*l + v. What is the units digit of l?
6
Suppose 4*m - 1678 = a, -2*m = -m - 3*a - 414. What is the units digit of m?
0
What is the tens digit of 438/(-4)*((-10)/(-3) + -4)?
7
Let k = 10 - 17. Let a(j) be the third derivative of -j**6/120 - j**5/10 + 5*j**4/24 - 3*j**3/2 + j**2. What is the units digit of a(k)?
5
Let r(i) = 5*i**3 + 2*i**2 - 2*i - 2. Let y be r(2). Let b = 77 - y. What is the tens digit of b?
3
Let l = 197 - 92. Suppose 4*a - l = -5*n, 2*n - 2*a = -4 + 46. What is the tens digit of n?
2
Let t be ((-17)/(-2))/(3/6). Suppose -4*q + t = -q + d, 5*d = 4*q + 9. Let h(g) = g**3 - 5*g**2 + 6*g. What is the units digit of h(q)?
8
Let s = 1 - 0. What is the tens digit of -3 - (-72)/(s + 2)?
2
Suppose 0 = 12*w - 8*w - 584. What is the units digit of w?
6
Suppose -128 = -4*q + 2*a, 2*q = -0*q + 5*a + 56. What is the tens digit of q?
3
Let a(h) = -h**2 - 12*h - 8. Let n be a(-8). Suppose g = -2*g + n. What is the units digit of g?
8
Suppose -3*l + 10 = 4*s, 3*l - 14 = -7*s + 2*s. Suppose s*n + 6 = 18. Let j = 4 + n. What is the units digit of j?
7
Suppose -2*z + 8 = -6*z. Let a be 2/(-1) - (z + 0). Suppose f + a*f = 5. What is the units digit of f?
5
Let d(w) = w**2 - 7*w + 6. Let p be d(-6). Suppose 0 = -s - 3*s + p. Let v = -11 + s. What is the units digit of v?
0
Suppose 0*g = -4*g + 72. Suppose 3*m - 15 - g = 0. Suppose 5*o - m = 19. What is the units digit of o?
6
Let j(a) = a - 1. Let v be j(3). Suppose v*c = -1 + 3. What is the units digit of c?
1
Suppose 2*b + 3 + 1 = -5*h, -3*b + 7 = h. What is the units digit of b?
3
Let o be -2*27/(-4)*8. Suppose -2*u = 2*u - 2*b - 72, -2*b = 5*u - o. What is the units digit of u?
0
Let f(u) = -2*u - 1 - 1 + 0*u. Let g be f(-2). What is the tens digit of 11 - 1/(3 - g)?
1
Let d(c) = -2*c - 53. What is the units digit of d(-27)?
1
Suppose -3*i + 14 = -i. What is the units digit of i?
7
Suppose -2*z + 5*v - 2*v + 5 = 0, 5*z = 5*v + 10. What is the units digit of (7 + 0 + -2)*z?
5
Suppose 31*z - 29*z - 232 = 0. What is the tens digit of z?
1
What is the tens digit of (-83 - 2)*(-6)/15?
3
Let x(u) be the third derivative of u**6/120 + u**5/30 - u**4/24 - u**3/6 + 4*u**2. What is the units digit of x(-1)?
1
Suppose -1671 = -9*w + 894. What is the hundreds digit of w?
2
Let n(l) = -7*l - 15. Let f(y) = y + 1. Let z(t) = -6*f(t) - n(t). Let r be z(-4). What is the units digit of -2 + r + (0 - -1)?
4
Let i = 2 + 2. Suppose i*h + 4*q = -76, 2*h + 40 = -2*h + 5*q. What is the units digit of h/(-2) - 1/(-2)?
8
Let p = -110 + 366. What is the hundreds digit of p?
2
Let c be ((-14)/(-5))/((-2)/10). Let g = 20 + c. What is the units digit of g?
6
Let n(x) = x + 3. Let m be n(-2). Let g be 3*(m + 3) - 2. Let h = g + -4. What is the units digit of h?
6
Let i = -5 - -14. Suppose 0 = -n - 0*n + i. What is the units digit of n?
9
Let n be 2/1*2/(-4). Let y = n + 6. Let o = 16 - y. What is the units digit of o?
1
Suppose 0 = 6*t - 10*t + 244. What is the units digit of t?
1
Let x(y) = -y**2 + y. Let n(b) = -b**3 + 4*b - 7. Let w(j) = -n(j) + 5*x(j). What is the units digit of w(5)?
2
Let k = 92 - 64. Let f = 40 - k. Let x = f + -7. What is the units digit of x?
5
Suppose 7 = 2*y - 19. Let o = y - 3. What is the tens digit of o?
1
Suppose 112 = -3*b + 10*b. What is the units digit of b?
6
Let z = 14 - -19. What is the tens digit o